{"id":211,"date":"2017-12-02T23:10:35","date_gmt":"2017-12-02T23:10:35","guid":{"rendered":"http:\/\/baltes-bochnia.de\/?page_id=211"},"modified":"2021-03-13T20:58:44","modified_gmt":"2021-03-13T20:58:44","slug":"verhaltenstherapie","status":"publish","type":"page","link":"https:\/\/baltes-bochnia.de\/?page_id=211","title":{"rendered":"Verhaltenstherapie"},"content":{"rendered":"<p>Kindheit und Jugend sind die Phasen im Leben mit den gr\u00f6\u00dften k\u00f6rperlichen und psychischen Ver\u00e4nderungen im Laufe der Entwicklung. In dieser Zeit treffen die Kinder und Jugendlichen auf viele Herausforderungen, die sie bew\u00e4ltigen m\u00fcssen. Dabei bleiben Probleme und Konflikte in den zwischenmenschlichen Beziehungen oder im sozialen Umfeld der Kinder und Jugendlichen nicht aus. Dann k\u00f6nnen innerliche und \u00e4u\u00dferliche Symptome wie z.B. \u00c4ngste, sozialer R\u00fcckzug, Lern- und Leistungsprobleme oder aggressives Verhalten auftreten.<\/p>\n<p>Verhaltenstherapie kann dabei helfen, die Entwicklung des Kindes und Jugendlichen voranzubringen, das Vertrauen in die eigene Person und die eigenen St\u00e4rken weiter auszubauen. Verhaltenstherapie ist von den Krankenkassen als ein wissenschaftlich wirksam erwiesenes Richtlinienverfahren neben der tiefenpsychologisch fundierten Psychotherapie bei Kindern und Jugendlichen zugelassen. Sie geht davon aus, dass Verhaltensweisen erlernt und bei Bedarf auch wieder ver\u00e4ndert werden k\u00f6nnen. Die\u00a0Zusammenarbeit mit den Eltern (niemand kennt das Kind und den Jugendlichen so gut wie die Eltern) und auch mit Lehrern und Erziehern stellt in dieser Arbeit eine wesentliche Komponente dar.\u00a0Auf Wunsch k\u00f6nnen Jugendliche jedoch auch ohne das Wissen der Eltern bzw. ohne deren Einbezug professionelle Hilfe bei uns in Anspruch nehmen. Wir sind zur \u00e4rztlichen Schweigepflicht verpflichtet.<\/p>\n<h4>Wir bieten Unterst\u00fctzung bei folgenden Beschwerdebildern an:<\/h4>\n<ul>\n<li>\u00c4ngste, soziale Unsicherheiten<\/li>\n<li>Depressionen<\/li>\n<li>Integrationsprobleme<\/li>\n<li>Famili\u00e4re Konflikte<\/li>\n<li>Aggressivit\u00e4t<\/li>\n<li>Zwanghaftes Verhalten<\/li>\n<li>Essst\u00f6rungen<\/li>\n<li>Schlafst\u00f6rungen<\/li>\n<li>Lernschw\u00e4chen<\/li>\n<li>Konzentrationsst\u00f6rungen<\/li>\n<li>Selbstverletzendes Verhalten<\/li>\n<li>Unkontrolliertes Harn- und Stuhlverhalten<\/li>\n<li>Reaktionen auf schwere Belastung<\/li>\n<\/ul>\n<div class=\"entry-content clearfix\"><\/div>\n","protected":false},"excerpt":{"rendered":"<p>Kindheit und Jugend sind die Phasen im Leben mit den gr\u00f6\u00dften k\u00f6rperlichen und psychischen Ver\u00e4nderungen im Laufe der Entwicklung. In dieser Zeit treffen die Kinder und Jugendlichen auf viele Herausforderungen, die sie bew\u00e4ltigen m\u00fcssen. Dabei bleiben Probleme und Konflikte in den zwischenmenschlichen Beziehungen oder im sozialen Umfeld der Kinder und Jugendlichen nicht aus. Dann k\u00f6nnen &hellip; <\/p>\n<p class=\"link-more\"><a href=\"https:\/\/baltes-bochnia.de\/?page_id=211\" class=\"more-link\"><span class=\"screen-reader-text\">\u201eVerhaltenstherapie\u201c<\/span> weiterlesen<\/a><\/p>\n","protected":false},"author":1,"featured_media":0,"parent":59,"menu_order":2,"comment_status":"closed","ping_status":"closed","template":"","meta":[],"yoast_head":"<!-- This site is optimized with the Yoast SEO plugin v19.11 - https:\/\/yoast.com\/wordpress\/plugins\/seo\/ -->\n<title>Verhaltenstherapie - Praxis f\u00fcr Psychotherapie<\/title>\n<meta name=\"robots\" content=\"index, follow, max-snippet:-1, max-image-preview:large, max-video-preview:-1\" \/>\n<link rel=\"canonical\" href=\"http:\/\/baltes-bochnia.de\/?page_id=211\" \/>\n<meta property=\"og:locale\" content=\"de_DE\" \/>\n<meta property=\"og:type\" content=\"article\" \/>\n<meta property=\"og:title\" content=\"Verhaltenstherapie - Praxis f\u00fcr Psychotherapie\" \/>\n<meta property=\"og:description\" content=\"Kindheit und Jugend sind die Phasen im Leben mit den gr\u00f6\u00dften k\u00f6rperlichen und psychischen Ver\u00e4nderungen im Laufe der Entwicklung. In dieser Zeit treffen die Kinder und Jugendlichen auf viele Herausforderungen, die sie bew\u00e4ltigen m\u00fcssen. Dabei bleiben Probleme und Konflikte in den zwischenmenschlichen Beziehungen oder im sozialen Umfeld der Kinder und Jugendlichen nicht aus. Dann k\u00f6nnen &hellip; \u201eVerhaltenstherapie\u201c weiterlesen\" \/>\n<meta property=\"og:url\" content=\"http:\/\/baltes-bochnia.de\/?page_id=211\" \/>\n<meta property=\"og:site_name\" content=\"Praxis f\u00fcr Psychotherapie\" \/>\n<meta property=\"article:modified_time\" content=\"2021-03-13T20:58:44+00:00\" \/>\n<meta name=\"twitter:card\" content=\"summary_large_image\" \/>\n<meta name=\"twitter:label1\" content=\"Gesch\u00e4tzte Lesezeit\" \/>\n\t<meta name=\"twitter:data1\" content=\"1 Minute\" \/>\n<script type=\"application\/ld+json\" class=\"yoast-schema-graph\">{\"@context\":\"https:\/\/schema.org\",\"@graph\":[{\"@type\":\"WebPage\",\"@id\":\"http:\/\/baltes-bochnia.de\/?page_id=211\",\"url\":\"http:\/\/baltes-bochnia.de\/?page_id=211\",\"name\":\"Verhaltenstherapie - Praxis f\u00fcr Psychotherapie\",\"isPartOf\":{\"@id\":\"http:\/\/baltes-bochnia.de\/#website\"},\"datePublished\":\"2017-12-02T23:10:35+00:00\",\"dateModified\":\"2021-03-13T20:58:44+00:00\",\"breadcrumb\":{\"@id\":\"http:\/\/baltes-bochnia.de\/?page_id=211#breadcrumb\"},\"inLanguage\":\"de-DE\",\"potentialAction\":[{\"@type\":\"ReadAction\",\"target\":[\"http:\/\/baltes-bochnia.de\/?page_id=211\"]}]},{\"@type\":\"BreadcrumbList\",\"@id\":\"http:\/\/baltes-bochnia.de\/?page_id=211#breadcrumb\",\"itemListElement\":[{\"@type\":\"ListItem\",\"position\":1,\"name\":\"Startseite\",\"item\":\"http:\/\/baltes-bochnia.de\/\"},{\"@type\":\"ListItem\",\"position\":2,\"name\":\"Kinder und Jugendliche\",\"item\":\"http:\/\/baltes-bochnia.de\/?page_id=59\"},{\"@type\":\"ListItem\",\"position\":3,\"name\":\"Verhaltenstherapie\"}]},{\"@type\":\"WebSite\",\"@id\":\"http:\/\/baltes-bochnia.de\/#website\",\"url\":\"http:\/\/baltes-bochnia.de\/\",\"name\":\"Praxis f\u00fcr Psychotherapie\",\"description\":\"Dipl.-Psych. Genia Baltes &amp; Dipl.-Soz.p\u00e4d. Cindy-Chris Bochnia\",\"potentialAction\":[{\"@type\":\"SearchAction\",\"target\":{\"@type\":\"EntryPoint\",\"urlTemplate\":\"http:\/\/baltes-bochnia.de\/?s={search_term_string}\"},\"query-input\":\"required name=search_term_string\"}],\"inLanguage\":\"de-DE\"}]}<\/script>\n<!-- \/ Yoast SEO plugin. -->","yoast_head_json":{"title":"Verhaltenstherapie - Praxis f\u00fcr Psychotherapie","robots":{"index":"index","follow":"follow","max-snippet":"max-snippet:-1","max-image-preview":"max-image-preview:large","max-video-preview":"max-video-preview:-1"},"canonical":"http:\/\/baltes-bochnia.de\/?page_id=211","og_locale":"de_DE","og_type":"article","og_title":"Verhaltenstherapie - Praxis f\u00fcr Psychotherapie","og_description":"Kindheit und Jugend sind die Phasen im Leben mit den gr\u00f6\u00dften k\u00f6rperlichen und psychischen Ver\u00e4nderungen im Laufe der Entwicklung. In dieser Zeit treffen die Kinder und Jugendlichen auf viele Herausforderungen, die sie bew\u00e4ltigen m\u00fcssen. Dabei bleiben Probleme und Konflikte in den zwischenmenschlichen Beziehungen oder im sozialen Umfeld der Kinder und Jugendlichen nicht aus. Dann k\u00f6nnen &hellip; \u201eVerhaltenstherapie\u201c weiterlesen","og_url":"http:\/\/baltes-bochnia.de\/?page_id=211","og_site_name":"Praxis f\u00fcr Psychotherapie","article_modified_time":"2021-03-13T20:58:44+00:00","twitter_card":"summary_large_image","twitter_misc":{"Gesch\u00e4tzte Lesezeit":"1 Minute"},"schema":{"@context":"https:\/\/schema.org","@graph":[{"@type":"WebPage","@id":"http:\/\/baltes-bochnia.de\/?page_id=211","url":"http:\/\/baltes-bochnia.de\/?page_id=211","name":"Verhaltenstherapie - Praxis f\u00fcr Psychotherapie","isPartOf":{"@id":"http:\/\/baltes-bochnia.de\/#website"},"datePublished":"2017-12-02T23:10:35+00:00","dateModified":"2021-03-13T20:58:44+00:00","breadcrumb":{"@id":"http:\/\/baltes-bochnia.de\/?page_id=211#breadcrumb"},"inLanguage":"de-DE","potentialAction":[{"@type":"ReadAction","target":["http:\/\/baltes-bochnia.de\/?page_id=211"]}]},{"@type":"BreadcrumbList","@id":"http:\/\/baltes-bochnia.de\/?page_id=211#breadcrumb","itemListElement":[{"@type":"ListItem","position":1,"name":"Startseite","item":"http:\/\/baltes-bochnia.de\/"},{"@type":"ListItem","position":2,"name":"Kinder und Jugendliche","item":"http:\/\/baltes-bochnia.de\/?page_id=59"},{"@type":"ListItem","position":3,"name":"Verhaltenstherapie"}]},{"@type":"WebSite","@id":"http:\/\/baltes-bochnia.de\/#website","url":"http:\/\/baltes-bochnia.de\/","name":"Praxis f\u00fcr Psychotherapie","description":"Dipl.-Psych. Genia Baltes &amp; Dipl.-Soz.p\u00e4d. Cindy-Chris Bochnia","potentialAction":[{"@type":"SearchAction","target":{"@type":"EntryPoint","urlTemplate":"http:\/\/baltes-bochnia.de\/?s={search_term_string}"},"query-input":"required name=search_term_string"}],"inLanguage":"de-DE"}]}},"_links":{"self":[{"href":"https:\/\/baltes-bochnia.de\/index.php?rest_route=\/wp\/v2\/pages\/211"}],"collection":[{"href":"https:\/\/baltes-bochnia.de\/index.php?rest_route=\/wp\/v2\/pages"}],"about":[{"href":"https:\/\/baltes-bochnia.de\/index.php?rest_route=\/wp\/v2\/types\/page"}],"author":[{"embeddable":true,"href":"https:\/\/baltes-bochnia.de\/index.php?rest_route=\/wp\/v2\/users\/1"}],"replies":[{"embeddable":true,"href":"https:\/\/baltes-bochnia.de\/index.php?rest_route=%2Fwp%2Fv2%2Fcomments&post=211"}],"version-history":[{"count":12,"href":"https:\/\/baltes-bochnia.de\/index.php?rest_route=\/wp\/v2\/pages\/211\/revisions"}],"predecessor-version":[{"id":680,"href":"https:\/\/baltes-bochnia.de\/index.php?rest_route=\/wp\/v2\/pages\/211\/revisions\/680"}],"up":[{"embeddable":true,"href":"https:\/\/baltes-bochnia.de\/index.php?rest_route=\/wp\/v2\/pages\/59"}],"wp:attachment":[{"href":"https:\/\/baltes-bochnia.de\/index.php?rest_route=%2Fwp%2Fv2%2Fmedia&parent=211"}],"curies":[{"name":"wp","href":"https:\/\/api.w.org\/{rel}","templated":true}]}}