{"id":302,"date":"2017-12-06T20:10:53","date_gmt":"2017-12-06T20:10:53","guid":{"rendered":"http:\/\/baltes-bochnia.de\/?page_id=302"},"modified":"2024-05-23T21:15:23","modified_gmt":"2024-05-23T21:15:23","slug":"willkommen","status":"publish","type":"page","link":"https:\/\/baltes-bochnia.de\/","title":{"rendered":"Herzlich willkommen"},"content":{"rendered":"<p>Manchmal wei\u00df man sich einfach nicht mehr zu helfen, dann kann Verhaltenstherapie ein Schritt in die richtige Richtung sein und wir k\u00f6nnen Sie dabei professionell unterst\u00fctzen. Als Psychologische Psychotherapeutin behandelt Genia Baltes sowohl Erwachsene als auch Kinder und Jugendliche. Cindy-Chris Bochnia behandelt als Kinder- und Jugendlichenpsychotherapeutin ausschlie\u00dflich junge Patienten bis zur Vollendung des 21. Lebensjahres. Katrin Simon behandelt als Psychologische Psychotherapeutin ausschlie\u00dflich Erwachsene. Rufen Sie uns gerne an, wir stehen Ihnen zur Seite.<\/p>\n<p style=\"text-align: center;\"><strong><span style=\"color: #ff0000;\">F\u00dcR ALLE KASSEN UND PRIVAT<\/span><\/strong><\/p>\n<figure id=\"attachment_354\" aria-describedby=\"caption-attachment-354\" style=\"width: 200px\" class=\"wp-caption alignleft\"><a href=\"http:\/\/baltes-bochnia.de\/?page_id=218\"><img decoding=\"async\" loading=\"lazy\" class=\"wp-image-354 size-medium\" src=\"http:\/\/baltes-bochnia.de\/wp-content\/uploads\/2017\/12\/171119-030xj2-Genia-Baltes-320-dpi-200x300.jpg\" alt=\"\" width=\"200\" height=\"300\" srcset=\"https:\/\/baltes-bochnia.de\/wp-content\/uploads\/2017\/12\/171119-030xj2-Genia-Baltes-320-dpi-200x300.jpg 200w, https:\/\/baltes-bochnia.de\/wp-content\/uploads\/2017\/12\/171119-030xj2-Genia-Baltes-320-dpi-768x1154.jpg 768w, https:\/\/baltes-bochnia.de\/wp-content\/uploads\/2017\/12\/171119-030xj2-Genia-Baltes-320-dpi-681x1024.jpg 681w, https:\/\/baltes-bochnia.de\/wp-content\/uploads\/2017\/12\/171119-030xj2-Genia-Baltes-320-dpi-520x781.jpg 520w, https:\/\/baltes-bochnia.de\/wp-content\/uploads\/2017\/12\/171119-030xj2-Genia-Baltes-320-dpi-740x1112.jpg 740w\" sizes=\"(max-width: 200px) 100vw, 200px\" \/><\/a><figcaption id=\"caption-attachment-354\" class=\"wp-caption-text\">Dipl.-Psych. Genia Baltes<\/figcaption><\/figure>\n<figure id=\"attachment_249\" aria-describedby=\"caption-attachment-249\" style=\"width: 200px\" class=\"wp-caption alignright\"><a href=\"http:\/\/baltes-bochnia.de\/?page_id=220\"><img decoding=\"async\" loading=\"lazy\" class=\"wp-image-249 size-medium\" src=\"http:\/\/baltes-bochnia.de\/wp-content\/uploads\/2017\/12\/IMG_1846-Bearbeitet-200x300.jpg\" alt=\"\" width=\"200\" height=\"300\" srcset=\"https:\/\/baltes-bochnia.de\/wp-content\/uploads\/2017\/12\/IMG_1846-Bearbeitet-200x300.jpg 200w, https:\/\/baltes-bochnia.de\/wp-content\/uploads\/2017\/12\/IMG_1846-Bearbeitet-768x1152.jpg 768w, https:\/\/baltes-bochnia.de\/wp-content\/uploads\/2017\/12\/IMG_1846-Bearbeitet-683x1024.jpg 683w, https:\/\/baltes-bochnia.de\/wp-content\/uploads\/2017\/12\/IMG_1846-Bearbeitet-520x780.jpg 520w, https:\/\/baltes-bochnia.de\/wp-content\/uploads\/2017\/12\/IMG_1846-Bearbeitet-740x1110.jpg 740w, https:\/\/baltes-bochnia.de\/wp-content\/uploads\/2017\/12\/IMG_1846-Bearbeitet.jpg 1856w\" sizes=\"(max-width: 200px) 100vw, 200px\" \/><\/a><figcaption id=\"caption-attachment-249\" class=\"wp-caption-text\">Dipl.-Soz.p\u00e4d. Cindy-Chris Bochnia<\/figcaption><\/figure>\n\n\n<figure class=\"wp-block-image size-full is-resized\"><a href=\"http:\/\/baltes-bochnia.de\/wp-content\/uploads\/2024\/05\/KS2x3.jpg\"><img decoding=\"async\" loading=\"lazy\" src=\"http:\/\/baltes-bochnia.de\/wp-content\/uploads\/2024\/05\/KS2x3.jpg\" alt=\"\" class=\"wp-image-755\" width=\"207\" height=\"311\"\/><\/a><figcaption class=\"wp-element-caption\">M.Sc.-Psych. Katrin Simon<\/figcaption><\/figure>\n","protected":false},"excerpt":{"rendered":"<p>Manchmal wei\u00df man sich einfach nicht mehr zu helfen, dann kann Verhaltenstherapie ein Schritt in die richtige Richtung sein und wir k\u00f6nnen Sie dabei professionell unterst\u00fctzen. Als Psychologische Psychotherapeutin behandelt Genia Baltes sowohl Erwachsene als auch Kinder und Jugendliche. Cindy-Chris Bochnia behandelt als Kinder- und Jugendlichenpsychotherapeutin ausschlie\u00dflich junge Patienten bis zur Vollendung des 21. Lebensjahres. &hellip; <\/p>\n<p class=\"link-more\"><a href=\"https:\/\/baltes-bochnia.de\/\" class=\"more-link\"><span class=\"screen-reader-text\">\u201eHerzlich willkommen\u201c<\/span> weiterlesen<\/a><\/p>\n","protected":false},"author":1,"featured_media":0,"parent":0,"menu_order":0,"comment_status":"closed","ping_status":"closed","template":"","meta":[],"yoast_head":"<!-- This site is optimized with the Yoast SEO plugin v19.11 - https:\/\/yoast.com\/wordpress\/plugins\/seo\/ -->\n<title>Herzlich willkommen - Praxis f\u00fcr Psychotherapie<\/title>\n<meta name=\"robots\" content=\"index, follow, max-snippet:-1, max-image-preview:large, max-video-preview:-1\" \/>\n<link rel=\"canonical\" href=\"https:\/\/baltes-bochnia.de\/\" \/>\n<meta property=\"og:locale\" content=\"de_DE\" \/>\n<meta property=\"og:type\" content=\"article\" \/>\n<meta property=\"og:title\" content=\"Herzlich willkommen - Praxis f\u00fcr Psychotherapie\" \/>\n<meta property=\"og:description\" content=\"Manchmal wei\u00df man sich einfach nicht mehr zu helfen, dann kann Verhaltenstherapie ein Schritt in die richtige Richtung sein und wir k\u00f6nnen Sie dabei professionell unterst\u00fctzen. Als Psychologische Psychotherapeutin behandelt Genia Baltes sowohl Erwachsene als auch Kinder und Jugendliche. Cindy-Chris Bochnia behandelt als Kinder- und Jugendlichenpsychotherapeutin ausschlie\u00dflich junge Patienten bis zur Vollendung des 21. Lebensjahres. &hellip; \u201eHerzlich willkommen\u201c weiterlesen\" \/>\n<meta property=\"og:url\" content=\"https:\/\/baltes-bochnia.de\/\" \/>\n<meta property=\"og:site_name\" content=\"Praxis f\u00fcr Psychotherapie\" \/>\n<meta property=\"article:modified_time\" content=\"2024-05-23T21:15:23+00:00\" \/>\n<meta property=\"og:image\" content=\"http:\/\/baltes-bochnia.de\/wp-content\/uploads\/2017\/12\/171119-030xj2-Genia-Baltes-320-dpi-200x300.jpg\" \/>\n<meta name=\"twitter:card\" content=\"summary_large_image\" \/>\n<meta name=\"twitter:label1\" content=\"Gesch\u00e4tzte Lesezeit\" \/>\n\t<meta name=\"twitter:data1\" content=\"2 Minuten\" \/>\n<script type=\"application\/ld+json\" class=\"yoast-schema-graph\">{\"@context\":\"https:\/\/schema.org\",\"@graph\":[{\"@type\":\"WebPage\",\"@id\":\"https:\/\/baltes-bochnia.de\/\",\"url\":\"https:\/\/baltes-bochnia.de\/\",\"name\":\"Herzlich willkommen - Praxis f\u00fcr Psychotherapie\",\"isPartOf\":{\"@id\":\"https:\/\/baltes-bochnia.de\/#website\"},\"datePublished\":\"2017-12-06T20:10:53+00:00\",\"dateModified\":\"2024-05-23T21:15:23+00:00\",\"breadcrumb\":{\"@id\":\"https:\/\/baltes-bochnia.de\/#breadcrumb\"},\"inLanguage\":\"de-DE\",\"potentialAction\":[{\"@type\":\"ReadAction\",\"target\":[\"https:\/\/baltes-bochnia.de\/\"]}]},{\"@type\":\"BreadcrumbList\",\"@id\":\"https:\/\/baltes-bochnia.de\/#breadcrumb\",\"itemListElement\":[{\"@type\":\"ListItem\",\"position\":1,\"name\":\"Startseite\",\"item\":\"https:\/\/baltes-bochnia.de\/\"},{\"@type\":\"ListItem\",\"position\":2,\"name\":\"Herzlich willkommen\"}]},{\"@type\":\"WebSite\",\"@id\":\"https:\/\/baltes-bochnia.de\/#website\",\"url\":\"https:\/\/baltes-bochnia.de\/\",\"name\":\"Praxis f\u00fcr Psychotherapie\",\"description\":\"Dipl.-Psych. Genia Baltes &amp; Dipl.-Soz.p\u00e4d. Cindy-Chris Bochnia\",\"potentialAction\":[{\"@type\":\"SearchAction\",\"target\":{\"@type\":\"EntryPoint\",\"urlTemplate\":\"https:\/\/baltes-bochnia.de\/?s={search_term_string}\"},\"query-input\":\"required name=search_term_string\"}],\"inLanguage\":\"de-DE\"}]}<\/script>\n<!-- \/ Yoast SEO plugin. -->","yoast_head_json":{"title":"Herzlich willkommen - Praxis f\u00fcr Psychotherapie","robots":{"index":"index","follow":"follow","max-snippet":"max-snippet:-1","max-image-preview":"max-image-preview:large","max-video-preview":"max-video-preview:-1"},"canonical":"https:\/\/baltes-bochnia.de\/","og_locale":"de_DE","og_type":"article","og_title":"Herzlich willkommen - Praxis f\u00fcr Psychotherapie","og_description":"Manchmal wei\u00df man sich einfach nicht mehr zu helfen, dann kann Verhaltenstherapie ein Schritt in die richtige Richtung sein und wir k\u00f6nnen Sie dabei professionell unterst\u00fctzen. Als Psychologische Psychotherapeutin behandelt Genia Baltes sowohl Erwachsene als auch Kinder und Jugendliche. Cindy-Chris Bochnia behandelt als Kinder- und Jugendlichenpsychotherapeutin ausschlie\u00dflich junge Patienten bis zur Vollendung des 21. Lebensjahres. &hellip; \u201eHerzlich willkommen\u201c weiterlesen","og_url":"https:\/\/baltes-bochnia.de\/","og_site_name":"Praxis f\u00fcr Psychotherapie","article_modified_time":"2024-05-23T21:15:23+00:00","og_image":[{"url":"http:\/\/baltes-bochnia.de\/wp-content\/uploads\/2017\/12\/171119-030xj2-Genia-Baltes-320-dpi-200x300.jpg"}],"twitter_card":"summary_large_image","twitter_misc":{"Gesch\u00e4tzte Lesezeit":"2 Minuten"},"schema":{"@context":"https:\/\/schema.org","@graph":[{"@type":"WebPage","@id":"https:\/\/baltes-bochnia.de\/","url":"https:\/\/baltes-bochnia.de\/","name":"Herzlich willkommen - Praxis f\u00fcr Psychotherapie","isPartOf":{"@id":"https:\/\/baltes-bochnia.de\/#website"},"datePublished":"2017-12-06T20:10:53+00:00","dateModified":"2024-05-23T21:15:23+00:00","breadcrumb":{"@id":"https:\/\/baltes-bochnia.de\/#breadcrumb"},"inLanguage":"de-DE","potentialAction":[{"@type":"ReadAction","target":["https:\/\/baltes-bochnia.de\/"]}]},{"@type":"BreadcrumbList","@id":"https:\/\/baltes-bochnia.de\/#breadcrumb","itemListElement":[{"@type":"ListItem","position":1,"name":"Startseite","item":"https:\/\/baltes-bochnia.de\/"},{"@type":"ListItem","position":2,"name":"Herzlich willkommen"}]},{"@type":"WebSite","@id":"https:\/\/baltes-bochnia.de\/#website","url":"https:\/\/baltes-bochnia.de\/","name":"Praxis f\u00fcr Psychotherapie","description":"Dipl.-Psych. Genia Baltes &amp; Dipl.-Soz.p\u00e4d. Cindy-Chris Bochnia","potentialAction":[{"@type":"SearchAction","target":{"@type":"EntryPoint","urlTemplate":"https:\/\/baltes-bochnia.de\/?s={search_term_string}"},"query-input":"required name=search_term_string"}],"inLanguage":"de-DE"}]}},"_links":{"self":[{"href":"https:\/\/baltes-bochnia.de\/index.php?rest_route=\/wp\/v2\/pages\/302"}],"collection":[{"href":"https:\/\/baltes-bochnia.de\/index.php?rest_route=\/wp\/v2\/pages"}],"about":[{"href":"https:\/\/baltes-bochnia.de\/index.php?rest_route=\/wp\/v2\/types\/page"}],"author":[{"embeddable":true,"href":"https:\/\/baltes-bochnia.de\/index.php?rest_route=\/wp\/v2\/users\/1"}],"replies":[{"embeddable":true,"href":"https:\/\/baltes-bochnia.de\/index.php?rest_route=%2Fwp%2Fv2%2Fcomments&post=302"}],"version-history":[{"count":17,"href":"https:\/\/baltes-bochnia.de\/index.php?rest_route=\/wp\/v2\/pages\/302\/revisions"}],"predecessor-version":[{"id":756,"href":"https:\/\/baltes-bochnia.de\/index.php?rest_route=\/wp\/v2\/pages\/302\/revisions\/756"}],"wp:attachment":[{"href":"https:\/\/baltes-bochnia.de\/index.php?rest_route=%2Fwp%2Fv2%2Fmedia&parent=302"}],"curies":[{"name":"wp","href":"https:\/\/api.w.org\/{rel}","templated":true}]}}