{"id":730,"date":"2024-05-23T15:32:39","date_gmt":"2024-05-23T15:32:39","guid":{"rendered":"http:\/\/baltes-bochnia.de\/?page_id=730"},"modified":"2024-05-23T21:55:21","modified_gmt":"2024-05-23T21:55:21","slug":"m-sc-psych-katrin-simon","status":"publish","type":"page","link":"https:\/\/baltes-bochnia.de\/?page_id=730","title":{"rendered":"M.Sc.-Psych. Katrin Simon"},"content":{"rendered":"\n<figure class=\"wp-block-image size-full\"><a href=\"http:\/\/baltes-bochnia.de\/wp-content\/uploads\/2024\/05\/image.png\"><img decoding=\"async\" loading=\"lazy\" width=\"452\" height=\"302\" src=\"http:\/\/baltes-bochnia.de\/wp-content\/uploads\/2024\/05\/image.png\" alt=\"\" class=\"wp-image-736\" srcset=\"https:\/\/baltes-bochnia.de\/wp-content\/uploads\/2024\/05\/image.png 452w, https:\/\/baltes-bochnia.de\/wp-content\/uploads\/2024\/05\/image-300x200.png 300w\" sizes=\"(max-width: 452px) 100vw, 452px\" \/><\/a><\/figure>\n\n\n\n<div style=\"height:54px\" aria-hidden=\"true\" class=\"wp-block-spacer\"><\/div>\n\n\n\n<p><\/p>\n\n\n\n<p class=\"has-medium-font-size\"><strong>Berufliche T\u00e4tigkeit:<\/strong><\/p>\n\n\n\n<p>seit 2024<\/p>\n\n\n\n<p>Mitarbeiterin in der Praxis f\u00fcr Psychotherapie Baltes-Bochnia als Psychologische Psychotherapeutin<\/p>\n\n\n\n<p>2022 &#8211; 2024<\/p>\n\n\n\n<p>Elternzeit<\/p>\n\n\n\n<p>2017 &#8211; 2021<\/p>\n\n\n\n<p>Psychologische Psychotherapeutin i.A. in der Ambulanz des Instituts f\u00fcr Verhaltenstherapie (IVT), Berlin<\/p>\n\n\n\n<p>2017-2019<\/p>\n\n\n\n<p>Psychologin bei den Oberhavel Kliniken GmbH &#8211; Klinik Hennigsdorf (Psychosomatische Medizin und Psychotherapie)<\/p>\n\n\n\n<p>2016 &#8211; 2017<\/p>\n\n\n\n<p>Psychologische Psychotherapeutin i.A. bei den Oberhavel Kliniken GmbH &#8211; Klinik Hennigsdorf (Psychosomatische Medizin und Psychotherapie)<\/p>\n\n\n\n<div style=\"height:61px\" aria-hidden=\"true\" class=\"wp-block-spacer\"><\/div>\n\n\n\n<p class=\"has-medium-font-size\"><strong>Ausbildung:<\/strong><\/p>\n\n\n\n<p>2023<\/p>\n\n\n\n<p>Fortbildung&nbsp;\u201eProgressive Muskelrelaxation &#8211; Seminarleiterin\u201c&nbsp;am IEK Berlin (Institut f\u00fcr Entspannungstechniken und Kommunikation)<\/p>\n\n\n\n<p>seit 2023<\/p>\n\n\n\n<p>Zulassung als Psychologische Psychotherapeutin durch die Kassen\u00e4rztliche Vereinigung Berlin zur T\u00e4tigkeit in der Krankenbehandlung<\/p>\n\n\n\n<p>2021<\/p>\n\n\n\n<p>Approbation als Psychologische Psychotherapeutin beim Landesamt f\u00fcr Gesundheit und Soziales, Berlin, Fachkundenachweis in Verhaltenstherapie&nbsp;<\/p>\n\n\n\n<p>2016 &#8211; 2021&nbsp;<\/p>\n\n\n\n<p>Staatlich anerkannte Aus- und Weiterbildung zur Psychologischen Psychotherapeutin am Institut f\u00fcr Verhaltenstherapie Berlin (IVT), Berlin<\/p>\n\n\n\n<p>2013 &#8211; 2015<\/p>\n\n\n\n<p>Psychologiestudium (M.Sc.) an der Universit\u00e4t Hamburg<\/p>\n\n\n\n<p>2010 &#8211; 2013<\/p>\n\n\n\n<p>Psychologiestudium (B.Sc.) an der FernUniversit\u00e4t in Hagen<\/p>\n\n\n\n<div style=\"height:61px\" aria-hidden=\"true\" class=\"wp-block-spacer\"><\/div>\n\n\n\n<p class=\"has-medium-font-size\"><strong>Mitgliedschaften:<\/strong><\/p>\n\n\n\n<p>Psychotherapeutenkammer Berlin&nbsp;&nbsp;www.psychotherapeutenkammer-berlin.de<\/p>\n\n\n\n<p>Kassen\u00e4rztliche Vereinigung&nbsp;<a href=\"http:\/\/www.kvberlin.de\/\">www.kvberlin.de<\/a><\/p>\n","protected":false},"excerpt":{"rendered":"<p>Berufliche T\u00e4tigkeit: seit 2024 Mitarbeiterin in der Praxis f\u00fcr Psychotherapie Baltes-Bochnia als Psychologische Psychotherapeutin 2022 &#8211; 2024 Elternzeit 2017 &#8211; 2021 Psychologische Psychotherapeutin i.A. in der Ambulanz des Instituts f\u00fcr Verhaltenstherapie (IVT), Berlin 2017-2019 Psychologin bei den Oberhavel Kliniken GmbH &#8211; Klinik Hennigsdorf (Psychosomatische Medizin und Psychotherapie) 2016 &#8211; 2017 Psychologische Psychotherapeutin i.A. bei den &hellip; <\/p>\n<p class=\"link-more\"><a href=\"https:\/\/baltes-bochnia.de\/?page_id=730\" class=\"more-link\"><span class=\"screen-reader-text\">\u201eM.Sc.-Psych. Katrin Simon\u201c<\/span> weiterlesen<\/a><\/p>\n","protected":false},"author":1,"featured_media":0,"parent":351,"menu_order":3,"comment_status":"closed","ping_status":"closed","template":"","meta":[],"yoast_head":"<!-- This site is optimized with the Yoast SEO plugin v19.11 - https:\/\/yoast.com\/wordpress\/plugins\/seo\/ -->\n<title>M.Sc.-Psych. Katrin Simon - Praxis f\u00fcr Psychotherapie<\/title>\n<meta name=\"robots\" content=\"index, follow, max-snippet:-1, max-image-preview:large, max-video-preview:-1\" \/>\n<link rel=\"canonical\" href=\"https:\/\/baltes-bochnia.de\/?page_id=730\" \/>\n<meta property=\"og:locale\" content=\"de_DE\" \/>\n<meta property=\"og:type\" content=\"article\" \/>\n<meta property=\"og:title\" content=\"M.Sc.-Psych. Katrin Simon - Praxis f\u00fcr Psychotherapie\" \/>\n<meta property=\"og:description\" content=\"Berufliche T\u00e4tigkeit: seit 2024 Mitarbeiterin in der Praxis f\u00fcr Psychotherapie Baltes-Bochnia als Psychologische Psychotherapeutin 2022 &#8211; 2024 Elternzeit 2017 &#8211; 2021 Psychologische Psychotherapeutin i.A. in der Ambulanz des Instituts f\u00fcr Verhaltenstherapie (IVT), Berlin 2017-2019 Psychologin bei den Oberhavel Kliniken GmbH &#8211; Klinik Hennigsdorf (Psychosomatische Medizin und Psychotherapie) 2016 &#8211; 2017 Psychologische Psychotherapeutin i.A. bei den &hellip; \u201eM.Sc.-Psych. Katrin Simon\u201c weiterlesen\" \/>\n<meta property=\"og:url\" content=\"https:\/\/baltes-bochnia.de\/?page_id=730\" \/>\n<meta property=\"og:site_name\" content=\"Praxis f\u00fcr Psychotherapie\" \/>\n<meta property=\"article:modified_time\" content=\"2024-05-23T21:55:21+00:00\" \/>\n<meta property=\"og:image\" content=\"http:\/\/baltes-bochnia.de\/wp-content\/uploads\/2024\/05\/image.png\" \/>\n<meta name=\"twitter:card\" content=\"summary_large_image\" \/>\n<meta name=\"twitter:label1\" content=\"Gesch\u00e4tzte Lesezeit\" \/>\n\t<meta name=\"twitter:data1\" content=\"2 Minuten\" \/>\n<script type=\"application\/ld+json\" class=\"yoast-schema-graph\">{\"@context\":\"https:\/\/schema.org\",\"@graph\":[{\"@type\":\"WebPage\",\"@id\":\"https:\/\/baltes-bochnia.de\/?page_id=730\",\"url\":\"https:\/\/baltes-bochnia.de\/?page_id=730\",\"name\":\"M.Sc.-Psych. Katrin Simon - Praxis f\u00fcr Psychotherapie\",\"isPartOf\":{\"@id\":\"http:\/\/baltes-bochnia.de\/#website\"},\"datePublished\":\"2024-05-23T15:32:39+00:00\",\"dateModified\":\"2024-05-23T21:55:21+00:00\",\"breadcrumb\":{\"@id\":\"https:\/\/baltes-bochnia.de\/?page_id=730#breadcrumb\"},\"inLanguage\":\"de-DE\",\"potentialAction\":[{\"@type\":\"ReadAction\",\"target\":[\"https:\/\/baltes-bochnia.de\/?page_id=730\"]}]},{\"@type\":\"BreadcrumbList\",\"@id\":\"https:\/\/baltes-bochnia.de\/?page_id=730#breadcrumb\",\"itemListElement\":[{\"@type\":\"ListItem\",\"position\":1,\"name\":\"Startseite\",\"item\":\"http:\/\/baltes-bochnia.de\/\"},{\"@type\":\"ListItem\",\"position\":2,\"name\":\"\u00dcber uns\",\"item\":\"http:\/\/baltes-bochnia.de\/?page_id=351\"},{\"@type\":\"ListItem\",\"position\":3,\"name\":\"M.Sc.-Psych. Katrin Simon\"}]},{\"@type\":\"WebSite\",\"@id\":\"http:\/\/baltes-bochnia.de\/#website\",\"url\":\"http:\/\/baltes-bochnia.de\/\",\"name\":\"Praxis f\u00fcr Psychotherapie\",\"description\":\"Dipl.-Psych. Genia Baltes &amp; Dipl.-Soz.p\u00e4d. Cindy-Chris Bochnia\",\"potentialAction\":[{\"@type\":\"SearchAction\",\"target\":{\"@type\":\"EntryPoint\",\"urlTemplate\":\"http:\/\/baltes-bochnia.de\/?s={search_term_string}\"},\"query-input\":\"required name=search_term_string\"}],\"inLanguage\":\"de-DE\"}]}<\/script>\n<!-- \/ Yoast SEO plugin. -->","yoast_head_json":{"title":"M.Sc.-Psych. Katrin Simon - Praxis f\u00fcr Psychotherapie","robots":{"index":"index","follow":"follow","max-snippet":"max-snippet:-1","max-image-preview":"max-image-preview:large","max-video-preview":"max-video-preview:-1"},"canonical":"https:\/\/baltes-bochnia.de\/?page_id=730","og_locale":"de_DE","og_type":"article","og_title":"M.Sc.-Psych. Katrin Simon - Praxis f\u00fcr Psychotherapie","og_description":"Berufliche T\u00e4tigkeit: seit 2024 Mitarbeiterin in der Praxis f\u00fcr Psychotherapie Baltes-Bochnia als Psychologische Psychotherapeutin 2022 &#8211; 2024 Elternzeit 2017 &#8211; 2021 Psychologische Psychotherapeutin i.A. in der Ambulanz des Instituts f\u00fcr Verhaltenstherapie (IVT), Berlin 2017-2019 Psychologin bei den Oberhavel Kliniken GmbH &#8211; Klinik Hennigsdorf (Psychosomatische Medizin und Psychotherapie) 2016 &#8211; 2017 Psychologische Psychotherapeutin i.A. bei den &hellip; \u201eM.Sc.-Psych. Katrin Simon\u201c weiterlesen","og_url":"https:\/\/baltes-bochnia.de\/?page_id=730","og_site_name":"Praxis f\u00fcr Psychotherapie","article_modified_time":"2024-05-23T21:55:21+00:00","og_image":[{"url":"http:\/\/baltes-bochnia.de\/wp-content\/uploads\/2024\/05\/image.png"}],"twitter_card":"summary_large_image","twitter_misc":{"Gesch\u00e4tzte Lesezeit":"2 Minuten"},"schema":{"@context":"https:\/\/schema.org","@graph":[{"@type":"WebPage","@id":"https:\/\/baltes-bochnia.de\/?page_id=730","url":"https:\/\/baltes-bochnia.de\/?page_id=730","name":"M.Sc.-Psych. Katrin Simon - Praxis f\u00fcr Psychotherapie","isPartOf":{"@id":"http:\/\/baltes-bochnia.de\/#website"},"datePublished":"2024-05-23T15:32:39+00:00","dateModified":"2024-05-23T21:55:21+00:00","breadcrumb":{"@id":"https:\/\/baltes-bochnia.de\/?page_id=730#breadcrumb"},"inLanguage":"de-DE","potentialAction":[{"@type":"ReadAction","target":["https:\/\/baltes-bochnia.de\/?page_id=730"]}]},{"@type":"BreadcrumbList","@id":"https:\/\/baltes-bochnia.de\/?page_id=730#breadcrumb","itemListElement":[{"@type":"ListItem","position":1,"name":"Startseite","item":"http:\/\/baltes-bochnia.de\/"},{"@type":"ListItem","position":2,"name":"\u00dcber uns","item":"http:\/\/baltes-bochnia.de\/?page_id=351"},{"@type":"ListItem","position":3,"name":"M.Sc.-Psych. Katrin Simon"}]},{"@type":"WebSite","@id":"http:\/\/baltes-bochnia.de\/#website","url":"http:\/\/baltes-bochnia.de\/","name":"Praxis f\u00fcr Psychotherapie","description":"Dipl.-Psych. Genia Baltes &amp; Dipl.-Soz.p\u00e4d. Cindy-Chris Bochnia","potentialAction":[{"@type":"SearchAction","target":{"@type":"EntryPoint","urlTemplate":"http:\/\/baltes-bochnia.de\/?s={search_term_string}"},"query-input":"required name=search_term_string"}],"inLanguage":"de-DE"}]}},"_links":{"self":[{"href":"https:\/\/baltes-bochnia.de\/index.php?rest_route=\/wp\/v2\/pages\/730"}],"collection":[{"href":"https:\/\/baltes-bochnia.de\/index.php?rest_route=\/wp\/v2\/pages"}],"about":[{"href":"https:\/\/baltes-bochnia.de\/index.php?rest_route=\/wp\/v2\/types\/page"}],"author":[{"embeddable":true,"href":"https:\/\/baltes-bochnia.de\/index.php?rest_route=\/wp\/v2\/users\/1"}],"replies":[{"embeddable":true,"href":"https:\/\/baltes-bochnia.de\/index.php?rest_route=%2Fwp%2Fv2%2Fcomments&post=730"}],"version-history":[{"count":14,"href":"https:\/\/baltes-bochnia.de\/index.php?rest_route=\/wp\/v2\/pages\/730\/revisions"}],"predecessor-version":[{"id":770,"href":"https:\/\/baltes-bochnia.de\/index.php?rest_route=\/wp\/v2\/pages\/730\/revisions\/770"}],"up":[{"embeddable":true,"href":"https:\/\/baltes-bochnia.de\/index.php?rest_route=\/wp\/v2\/pages\/351"}],"wp:attachment":[{"href":"https:\/\/baltes-bochnia.de\/index.php?rest_route=%2Fwp%2Fv2%2Fmedia&parent=730"}],"curies":[{"name":"wp","href":"https:\/\/api.w.org\/{rel}","templated":true}]}}